ed by 10?
0
Let p(h) = 2*h**2 + 9*h + 4. What is the remainder when 753 is divided by p(-5)?
6
Let s be -2 + (4 - -54) - -1. Suppose -18 = -5*i + s. Suppose -x = 3*q - 47 - 25, 0 = -4*q + 5*x + 115. Calculate the remainder when q is divided by i.
10
Let b be (-17)/(119/(-3942)) + 1/(-7). Let n = -481 + b. Calculate the remainder when 242 is divided by n.
78
Suppose -2030 = -15*s + 20*s. Let d = s + 424. Suppose -3*t + 9 = 0, 2*q - 5 = 3*t + 84. Calculate the remainder when q is divided by d.
13
Calculate the remainder when (82/(-10) + 10)*95/3 is divided by 26.
5
Suppose -j + c - 6*c = 20, -12 = -4*j + 3*c. Suppose -3*x + j*x = -4*x. Suppose 118 = 2*h - x. What is the remainder when h is divided by 13?
7
Let n = -19287 - -19302. What is the remainder when 9163 is divided by n?
13
Calculate the remainder when 3 + 15 - 15 - -389 is divided by 41.
23
Let i(n) = 32*n - 107. Let p be i(15). Let z = -366 + p. Calculate the remainder when 17 is divided by z.
3
What is the remainder when ((-66 - -77) + 1 + 1742)*(-2)/(-4) is divided by 29?
7
Let d(x) = 2 + 0 + 14*x**3 - 58*x - 4*x**2 + 68*x. Let m be d(2). Suppose m = 6*t - 8. What is the remainder when 39 is divided by t?
18
Suppose -40 = -q - 5*b, 4*q - 5*b - 80 = -q. Let v = 242 + q. Let x = 57 + -24. What is the remainder when v is divided by x?
31
Let w(p) = 48*p**2 - 56*p - 53. Let h(r) = 21*r**2 + 5*r - 1. Calculate the remainder when h(4) is divided by w(-1).
49
Calculate the remainder when 1/(16/6522) + (-6771)/(-18056) is divided by 408.
0
Suppose 3*j - 253 = -3*f + 557, 0 = 4*f - 12. Let v = 341 - j. Calculate the remainder when v is divided by 44.
30
Let z(l) = -l**2 - 18*l + 26. Let g be z(-19). Suppose 0*q = -g*q + 161. Calculate the remainder when 109 is divided by q.
17
What is the remainder when (-755)/(-3 + 4 - 2) is divided by 151?
0
Let m(x) = -13*x - 235. Calculate the remainder when 339 is divided by m(-21).
35
Suppose 16*u + 61*u = -133*u + 9870. Calculate the remainder when 6767 is divided by u.
46
Let p(y) = 246 + y**3 - 508 + 0*y**3 + 15*y**2 - 84*y + 247. What is the remainder when p(-19) is divided by 43?
8
Suppose 4*u - u = 63. Let b be 1 - ((-14 - -7) + 7). Calculate the remainder when u is divided by 61 + -57 + -5*(0 - b).
3
Suppose -5*w - 26 = -171. What is the remainder when w is divided by (-8)/(-10) + 3744/520?
5
Suppose -3*d - 12 = -3. Let x(y) = y**3 + 11*y**2 - 3*y - 9. Calculate the remainder when (-3*45 + d)/(-2) is divided by x(-11).
21
Let l(g) = g**3 - g**2 - 5*g. Let t be l(3). Suppose -55 = -2*v - t*v. What is the remainder when 140 is divided by v?
8
Calculate the remainder when -32 - 12420/(-390) - 91717/(-13) is divided by 9.
8
Let g(l) = 4*l**3 - 4*l**2 + 3*l - 1. Suppose 597*i = -147*i + 51585 + 6447. Calculate the remainder when i is divided by g(2).
15
Let v = 1319 - 1295. Calculate the remainder when 22020/156 + (-2)/13 is divided by v.
21
Let q = 1305 + -683. Suppose 624*r = q*r + 16. What is the remainder when 246 is divided by r?
6
Suppose -91*a = -687 - 5410. Calculate the remainder when 1066 is divided by a.
61
Calculate the remainder when 640/16*26/1 is divided by 5.
0
Let z = 33976 - 33937. Calculate the remainder when (-2 - (75 - 2))/(-1) is divided by z.
36
Let y(f) = 174*f - 2033. Calculate the remainder when 667 is divided by y(13).
209
Let o = 16479 + -16428. Let s = 8 + -5. Suppose 0 = -s*t - k + 64 - 5, -5*k = -t + 9. What is the remainder when o is divided by t?
13
Let v = -509 - -4373. Suppose 0 = -34*g + 13*g + v. Calculate the remainder when g is divided by 49.
37
Suppose 5*l - 171 = -3*s, -2*s - 4*l + 47 + 67 = 0. Calculate the remainder when s is divided by (8 - 2)*(-80)/(-15) - 3.
28
Let j = -359 - -367. Let v = -23 + 37. Suppose -3*h - 2 = q, 3*q = 4*h - 5 - v. What is the remainder when j is divided by h?
0
Let x = 5011 - 4923. What is the remainder when x is divided by 8?
0
Let a be 369*1 - (-6)/(-6). Suppose -a - 139 = -5*r + 3*y, 4*r - y = 400. Suppose -69 = -2*x + r. Calculate the remainder when x is divided by 18.
12
Calculate the remainder when 1139 is divided by ((10/(-3))/(-10))/(7 - 1088/156).
8
Calculate the remainder when 1647 is divided by ((-2)/(-5))/((-7)/(-70)*(-8)/(-50)).
22
Let l(w) = -65*w + 345. Let h(j) = -22*j + 115. Let m(x) = 10*h(x) - 3*l(x). Calculate the remainder when 57 is divided by m(4).
12
Let t(v) = 2*v**3 - 116*v**2 - 5*v + 303. Suppose 397 = 5*q - c - 312, 4*q = -5*c + 544. Calculate the remainder when q is divided by t(58).
11
Suppose 2051 + 2539 = 9*a. What is the remainder when a is divided by 71?
13
Let p(l) = l**2 + 58*l - 268. Calculate the remainder when 130 is divided by p(5).
36
Suppose 0 = 5*b + b + 222. Let v = 47 + b. What is the remainder when v is divided by 3/(27/21) - 12/(-18)?
1
Let q = -82 - -8. What is the remainder when 127 is divided by 2/(-4)*(q - -20)?
19
What is the remainder when 966 is divided by (-12)/(-90) - 3/((-360)/38264)?
9
Let y be ((-165 - (-7 + 4)) + 4)/2. Let c = y - -103. Calculate the remainder when 70 is divided by c.
22
Let t = 8 + 4. Suppose -q = 3, 139*v - 1 = 143*v - 5*q. Calculate the remainder when 1 + v/(t/(-117)) is divided by 6.
4
Suppose 4*p = 3*i + 315 - 62, 0 = 5*p - 5*i - 320. Calculate the remainder when 331 is divided by p.
26
Let v(j) = 31*j - 771. Calculate the remainder when 1251 is divided by v(27).
63
Suppose -6*x = -3*x - 30. What is the remainder when x is divided by (-77)/(-28) + (4/(-48)*3)/(-1)?
1
Suppose 3 = 15*c - 657. Suppose 29 = w - c. Calculate the remainder when w is divided by 20.
13
Let l(b) = 2*b**3 - 4*b**2 - 6*b + 12. What is the remainder when -11 + 9 + 0 + 95 is divided by l(3)?
9
Let z = 2306 + -2302. What is the remainder when 30 is divided by z?
2
Let b = -1650 - -2212. Calculate the remainder when b is divided by 116.
98
Let f(j) = j**3 + 5*j**2 - 4*j - 4. Let h be f(-4). Suppose -h*s - 24 = -24*s. Let q(a) = -a - 2. Calculate the remainder when 12 is divided by q(s).
0
Let s = -82 + 181. Suppose 2*x - 6*v + v - 38 = 0, -2*x - 4*v + 74 = 0. What is the remainder when s is divided by x?
12
Let o(j) = 3*j - 128. Calculate the remainder when (7/21)/((-1)/(-132)) is divided by o(51).
19
Suppose -7*t = 166 - 1783. What is the remainder when t is divided by 2 - 7 - -1 - -17?
10
Suppose -5*y + 2*x = -3456, 2758 = 18*y - 14*y - 5*x. Calculate the remainder when y is divided by 196.
104
Let a(y) = 129*y**2 - 5031*y + 13. Let q = -109 + 286. What is the remainder when q is divided by a(39)?
8
Suppose 0 = -5*l + 4*m - 30, 5*l + 15 = -4*m - 15. What is the remainder when 261 is divided by (-744)/31*(l/2 - -2)?
21
Suppose -31*d + 21*d = -70. Let g(b) = 39*b + 283. What is the remainder when g(-7) is divided by d?
3
Let q(r) = -1372*r + 3189. Calculate the remainder when q(-7) is divided by 28.
25
Let s = 5291 + -4870. Calculate the remainder when s is divided by 222.
199
Let p be (0 - -12)/((-12)/(-208)). Let l = p + -116. What is the remainder when l is divided by -81 + 49 + (65 - 8)?
17
Let c = -416 + 418. Let v(b) = 7*b**2 - b - 6. Calculate the remainder when 377 is divided by v(c).
17
Suppose -v + 3*g = 4*g - 7, -3*g = -2*v + 14. Suppose 2*m = v*m - 455. Calculate the remainder when m is divided by 42.
7
Suppose 3*d - 116 = d + 3*n, -d + 3*n = -58. Let k = d + -3. What is the remainder when k is divided by 8*(2 - 1/4)?
13
Suppose 117553 = 48*d + 12913. What is the remainder when d is divided by 59?
56
Let u be 9/(-15)*(-2)/6*-45. Let k(s) = -s**3 - 7*s**2 + 17*s + 2. Calculate the remainder when 65 is divided by k(u).
10
What is the remainder when (756/(-882))/(2/(-546)) is divided by 16?
10
Let o(f) = -f**3 + 5*f**2 + 7*f - 7. Suppose 4*t - 3*j = 197, -2*t = 2*t + 4*j - 232. Suppose t - 18 = 7*x. Calculate the remainder when o(x) is divided by 10.
8
Let p = 16535 + -16412. What is the remainder when p is divided by (-624)/(-36) + 4/6?
15
Suppose 367*g - 372*g + 460 = 0. Calculate the remainder when g is divided by 76.
16
Suppose -52*d + 120 = -64*d. Calculate the remainder when 246 is divided by 3 + d - 114/(-3).
29
Let j = 1017 + -821. What is the remainder when 782 is divided by j?
194
Suppose 4*f + 1360 = 2*r, -4*r = -18*f + 13*f - 2702. Calculate the remainder when r is divided by 166.
4
Suppose -5*o + 2*h + 31